{"id":24,"date":"2021-02-10T16:54:25","date_gmt":"2021-02-10T15:54:25","guid":{"rendered":"https:\/\/www.peinture-bischoff.fr\/\/index.php\/about\/"},"modified":"2021-02-11T14:53:00","modified_gmt":"2021-02-11T13:53:00","slug":"about","status":"publish","type":"page","link":"https:\/\/www.peinture-bischoff.fr\/","title":{"rendered":"Accueil"},"content":{"rendered":"\n<h1 class=\"has-text-align-center wp-block-heading\">Peinture Bischoff<\/h1>\n\n\n\n<h4 class=\"has-text-align-center wp-block-heading\">Votre peintre professionnel dans le Haut-Rhin (68).<\/h4>\n\n\n\n<div style=\"height:10px\" aria-hidden=\"true\" class=\"wp-block-spacer\"><\/div>\n\n\n<div class=\"col-md-6 col-sm-6 col-xs-12\">\n<div class=\"about-img-area wow fadeInDown animated animated animated animated animated\" style=\"visibility: visible; animation-delay: 0.4s; animation-name: fadeInDown;\" data-wow-delay=\"0.4s\"><span style=\"font-size: inherit;\">PEINTURE BISCHOFF est une entreprise de peinture cr\u00e9\u00e9e en 2011 et situ\u00e9e \u00e0 Battenheim en r\u00e9gion Mulhousienne, dans le Haut-Rhin (68)<\/span><\/div>\n<\/div>\n<div class=\"col-md-6 col-sm-6 col-xs-12 wow fadeInDown animated animated animated animated animated\" style=\"visibility: visible; animation-delay: 0.4s; animation-name: fadeInDown;\" data-wow-delay=\"0.4s\">\n<p>D\u00e9placements dans tout le Haut-Rhin, devis gratuit.<\/p>\n<p>Parce que se sentir bien chez soi est important, nous cr\u00e9erons ensemble l\u2019ambiance d\u00e9sir\u00e9e<\/p>\n<\/div>\n\n\n<figure class=\"wp-block-gallery columns-3 is-cropped wp-block-gallery-1 is-layout-flex wp-block-gallery-is-layout-flex\"><ul class=\"blocks-gallery-grid\"><li class=\"blocks-gallery-item\"><figure><img loading=\"lazy\" decoding=\"async\" width=\"700\" height=\"933\" src=\"https:\/\/www.peinture-bischoff.fr\/\/wp-content\/uploads\/2021\/02\/site-7-1.jpg\" alt=\"\" data-id=\"90\" data-full-url=\"https:\/\/www.peinture-bischoff.fr\/\/wp-content\/uploads\/2021\/02\/site-7-1.jpg\" data-link=\"https:\/\/www.peinture-bischoff.fr\/\/index.php\/about\/site-7-1\/\" class=\"wp-image-90\"\/><\/figure><\/li><li class=\"blocks-gallery-item\"><figure><img loading=\"lazy\" decoding=\"async\" width=\"1000\" height=\"750\" src=\"https:\/\/www.peinture-bischoff.fr\/\/wp-content\/uploads\/2021\/02\/site-10-1.jpg\" alt=\"\" data-id=\"93\" data-full-url=\"https:\/\/www.peinture-bischoff.fr\/\/wp-content\/uploads\/2021\/02\/site-10-1.jpg\" data-link=\"https:\/\/www.peinture-bischoff.fr\/\/index.php\/about\/site-10-1\/\" class=\"wp-image-93\"\/><\/figure><\/li><li class=\"blocks-gallery-item\"><figure><img loading=\"lazy\" decoding=\"async\" width=\"800\" height=\"600\" src=\"https:\/\/www.peinture-bischoff.fr\/\/wp-content\/uploads\/2021\/02\/peinture-et-decoration-inexso-peinture-plouvien.jpg\" alt=\"\" data-id=\"82\" data-full-url=\"https:\/\/www.peinture-bischoff.fr\/\/wp-content\/uploads\/2021\/02\/peinture-et-decoration-inexso-peinture-plouvien.jpg\" data-link=\"https:\/\/www.peinture-bischoff.fr\/\/index.php\/about\/peinture-et-decoration-inexso-peinture-plouvien\/\" class=\"wp-image-82\"\/><\/figure><\/li><\/ul><\/figure>\n\n\n<ul>\n<li>Mise en peinture<\/li>\n<li>Pose de tapisseries, fibres, toiles de r\u00e9novation<\/li>\n<li>R\u00e9novation<\/li>\n<li>Boiseries<\/li>\n<li>D\u00e9g\u00e2ts des eaux<\/li>\n<li>Conseils d\u00e9coration<\/li>\n<\/ul>\n\n\n<hr class=\"wp-block-separator\"\/>\n\n\n\n<div class=\"wp-block-columns is-layout-flex wp-container-core-columns-is-layout-9d6595d7 wp-block-columns-is-layout-flex\">\n<div class=\"wp-block-column is-layout-flow wp-block-column-is-layout-flow\"><\/div>\n\n\n\n<div class=\"wp-block-column is-layout-flow wp-block-column-is-layout-flow\"><\/div>\n\n\n\n<div class=\"wp-block-column is-layout-flow wp-block-column-is-layout-flow\">\n<div class=\"wp-block-buttons is-layout-flex wp-block-buttons-is-layout-flex\">\n<div class=\"wp-block-button\"><a class=\"wp-block-button__link\" href=\"https:\/\/www.peinture-bischoff.fr\/\/index.php\/portfolio\/\">Nos r\u00e9alisations &#8230;<\/a><\/div>\n<\/div>\n<\/div>\n<\/div>\n","protected":false},"excerpt":{"rendered":"<p>Peinture Bischoff Votre peintre professionnel dans le Haut-Rhin (68). PEINTURE BISCHOFF est une entreprise de peinture cr\u00e9\u00e9e en 2011 et situ\u00e9e \u00e0 Battenheim en r\u00e9gion Mulhousienne, dans le Haut-Rhin (68) D\u00e9placements dans tout le Haut-Rhin, devis gratuit. Parce que se sentir bien chez soi est important, nous cr\u00e9erons ensemble l\u2019ambiance d\u00e9sir\u00e9e Mise en peinture Pose &hellip; <\/p>\n","protected":false},"author":1,"featured_media":0,"parent":0,"menu_order":0,"comment_status":"closed","ping_status":"closed","template":"","meta":{"footnotes":""},"class_list":["post-24","page","type-page","status-publish","hentry"],"_links":{"self":[{"href":"https:\/\/www.peinture-bischoff.fr\/index.php\/wp-json\/wp\/v2\/pages\/24","targetHints":{"allow":["GET"]}}],"collection":[{"href":"https:\/\/www.peinture-bischoff.fr\/index.php\/wp-json\/wp\/v2\/pages"}],"about":[{"href":"https:\/\/www.peinture-bischoff.fr\/index.php\/wp-json\/wp\/v2\/types\/page"}],"author":[{"embeddable":true,"href":"https:\/\/www.peinture-bischoff.fr\/index.php\/wp-json\/wp\/v2\/users\/1"}],"replies":[{"embeddable":true,"href":"https:\/\/www.peinture-bischoff.fr\/index.php\/wp-json\/wp\/v2\/comments?post=24"}],"version-history":[{"count":27,"href":"https:\/\/www.peinture-bischoff.fr\/index.php\/wp-json\/wp\/v2\/pages\/24\/revisions"}],"predecessor-version":[{"id":190,"href":"https:\/\/www.peinture-bischoff.fr\/index.php\/wp-json\/wp\/v2\/pages\/24\/revisions\/190"}],"wp:attachment":[{"href":"https:\/\/www.peinture-bischoff.fr\/index.php\/wp-json\/wp\/v2\/media?parent=24"}],"curies":[{"name":"wp","href":"https:\/\/api.w.org\/{rel}","templated":true}]}}